{"id":57,"date":"2021-03-21T21:27:58","date_gmt":"2021-03-21T21:27:58","guid":{"rendered":"http:\/\/stm-gmbh.info\/?page_id=57"},"modified":"2025-05-22T21:14:06","modified_gmt":"2025-05-22T21:14:06","slug":"impressum","status":"publish","type":"page","link":"https:\/\/stm-gmbh.info\/?page_id=57","title":{"rendered":"Datenschutz  \/  Impressum  \/  AGB"},"content":{"rendered":"<p>Warum erheben wir personenbezogene Daten?<br \/>\nWir erheben, speichern, verarbeiten und nutzen Ihre personenbezogene Daten, die Sie uns aufgrund Ihrer:<br \/>\na) Anfrage oder Bestellung<br \/>\nb) Anmeldung zu einer Veranstaltung<br \/>\noder<br \/>\nc) im Rahmen eines Beratungsauftrages mitteilen.<br \/>\nDies geschieht zum ausschlie\u00dflichen Zweck, Ihre Anfrage zu beantworten, Sie f\u00fcr eine Veranstaltung anzumelden oder um Sie zu beraten.<br \/>\nIm Rahmen der Bearbeitung einer Anmeldung oder zum Zwecke der Beratung werden wir Ihre Daten, soweit erforderlich, an den Veranstalter oder Berater weiterleiten.<br \/>\nWie lange werden diese gespeichert?<br \/>\nInteressenten oder Kunden k\u00f6nnen jederzeit die L\u00f6schung, Teill\u00f6schung oder Korrektur Ihrer Daten \u00fcber die Kontaktseite oder beim Verantwortlichen f\u00fcr den Datenschutz (siehe Impressum) verlangen, sofern dies nicht gegen andere gesetzliche Vorschriften verst\u00f6\u00dft.<br \/>\nSp\u00e4testens nach drei Jahren werden die Daten automatisch gel\u00f6scht, wenn es keinen Grund zur weiteren Speicherung gibt.<br \/>\nKundendaten werden entsprechend den gesetzlichen Aufbewahrungspflichten gespeichert, danach kann der Kunde die L\u00f6schung oder Teill\u00f6schung verlangen. Ansonsten l\u00f6schen wir die Daten sp\u00e4testens f\u00fcnf Jahre nach Ablauf der Veranstaltung oder Beratungsleistung, wenn es keinen Grund zur weiteren Speicherung gibt.<br \/>\nWeitere Rechte<br \/>\nSie haben jederzeit das Recht, Auskunft \u00fcber Ihre von uns gespeicherten Daten zu erhalten. Die Anfrage k\u00f6nnen Sie \u00fcber die Kontaktseite oder beim Verantwortlichen f\u00fcr den Datenschutz (siehe Impressum) stellen.<br \/>\nSie k\u00f6nnen \u2013 wie bereits beschrieben, \u2013 jederzeit Widerspruch gegen die Verarbeitung Ihrer Daten einlegen.<br \/>\nSie haben auch das Recht, ihre Daten an von Ihnen benannte Dritte \u00fcbertragen zu lassen, soweit dies technisch m\u00f6glich ist.<br \/>\nWenn Sie noch Fragen betreffend der Erhebung, Verarbeitung und\/oder der Nutzung Ihrer personenbezogenen Daten haben, so freuen wir uns, von Ihnen zu h\u00f6ren. Wir werden uns bem\u00fchen, Ihre Fragen so rasch wie m\u00f6glich zu beantworten.<br \/>\nBitte treten Sie \u00fcber die Kontaktseite oder \u00fcber den Postweg oder telefonisch (siehe Impressum) mit uns in Kontakt.<br \/>\nSie haben auch das Recht, sich bei der zust\u00e4ndigen Datenschutzbeh\u00f6rde zu beschweren.<br \/>\nWir weisen darauf hin, dass die Daten\u00fcbertragung im Internet (z.B. bei der Kommunikation per E-Mail) Sicherheitsl\u00fccken aufweisen kann. Ein l\u00fcckenloser Schutz der Daten vor dem Zugriff durch Dritte ist nicht m\u00f6glich<\/p>\n<p>Stand: 31.01.2025<\/p>\n","protected":false},"excerpt":{"rendered":"<p>Warum erheben wir personenbezogene Daten? Wir erheben, speichern, verarbeiten und nutzen Ihre personenbezogene Daten, die Sie uns aufgrund Ihrer: a) Anfrage oder Bestellung b) Anmeldung zu einer Veranstaltung oder c) im Rahmen eines Beratungsauftrages mitteilen. Dies geschieht zum ausschlie\u00dflichen Zweck, Ihre Anfrage zu beantworten, Sie f\u00fcr eine Veranstaltung anzumelden oder um Sie zu beraten. Im [&hellip;]<\/p>\n","protected":false},"author":1,"featured_media":0,"parent":0,"menu_order":0,"comment_status":"closed","ping_status":"closed","template":"","meta":{"footnotes":""},"class_list":["post-57","page","type-page","status-publish","hentry"],"_links":{"self":[{"href":"https:\/\/stm-gmbh.info\/index.php?rest_route=\/wp\/v2\/pages\/57","targetHints":{"allow":["GET"]}}],"collection":[{"href":"https:\/\/stm-gmbh.info\/index.php?rest_route=\/wp\/v2\/pages"}],"about":[{"href":"https:\/\/stm-gmbh.info\/index.php?rest_route=\/wp\/v2\/types\/page"}],"author":[{"embeddable":true,"href":"https:\/\/stm-gmbh.info\/index.php?rest_route=\/wp\/v2\/users\/1"}],"replies":[{"embeddable":true,"href":"https:\/\/stm-gmbh.info\/index.php?rest_route=%2Fwp%2Fv2%2Fcomments&post=57"}],"version-history":[{"count":11,"href":"https:\/\/stm-gmbh.info\/index.php?rest_route=\/wp\/v2\/pages\/57\/revisions"}],"predecessor-version":[{"id":950,"href":"https:\/\/stm-gmbh.info\/index.php?rest_route=\/wp\/v2\/pages\/57\/revisions\/950"}],"wp:attachment":[{"href":"https:\/\/stm-gmbh.info\/index.php?rest_route=%2Fwp%2Fv2%2Fmedia&parent=57"}],"curies":[{"name":"wp","href":"https:\/\/api.w.org\/{rel}","templated":true}]}}